he prime factors of b?
2, 19
Let u(p) = 18*p**2 - 16*p - 116. What are the prime factors of u(-6)?
2, 157
Suppose 5*s - 8*h = -7*h + 13920, -5*h - 13940 = -5*s. What are the prime factors of s?
11, 23
Suppose -3*r = -2*c - 6*r + 1316, -5*c - 3*r + 3299 = 0. Suppose -2*l + c = a, -3*l + a + a = -1002. What are the prime factors of l?
2, 83
Let l(z) = -6 - 2*z - 3*z + 13. Let q be (-14 - -5) + -1 + 8. List the prime factors of l(q).
17
Let n(m) = -460*m + 287. List the prime factors of n(-5).
13, 199
Suppose -185*c = -58*c - 651002. List the prime factors of c.
2, 11, 233
Let a be (0/4)/(-1 + 0). Suppose a*o = -o. Suppose 9*m - 4*m - 20 = o. List the prime factors of m.
2
Let g = -1008 - -1485. What are the prime factors of g?
3, 53
Let m(r) = -r**2 - 4*r + 3. Let f be m(-5). Let w be f/8*-4*0. Suppose -41 = -3*k + 5*g, 5*k + 2*g = -w*g + 89. What are the prime factors of k?
17
List the prime factors of (7092/(-126))/((-2)/(-14)*-1).
2, 197
Suppose -2 = 2*t, -968 + 4776 = f - 4*t. What are the prime factors of f?
2, 3, 317
Suppose 5*d + 4*o = 5457, -o - 3927 = -3*d - 663. List the prime factors of d.
3, 11
Let y = -9 + 9. Suppose 168 = 2*v - y*v. Suppose v = g + 3*g. What are the prime factors of g?
3, 7
Suppose -6*n + 26159 = 31*n. What are the prime factors of n?
7, 101
Let u = -370 + 1030. What are the prime factors of u?
2, 3, 5, 11
Suppose -23*z + 9*z + 2632 = 0. List the prime factors of z.
2, 47
Suppose w - 511 - 666 = 0. What are the prime factors of w?
11, 107
Suppose 2*a = 155 + 379. List the prime factors of a.
3, 89
Suppose w + 192 = 568. Suppose 0 = -3*p - 2*z + w, -22 = -4*p + 3*z + 451. Suppose 17*q = 19*q - p. What are the prime factors of q?
61
Suppose -4*g = -19 - 5. Let l(m) = -12*m**2 + 32*m + 5. Let n be l(3). Let y = g - n. List the prime factors of y.
13
Suppose -2*q + 2*j - 90 = -280, 3*j = 4*q - 383. Suppose -110 = -2*v + q. What are the prime factors of v?
2, 13
Let v(r) = -2*r + 3. Suppose 4*i = -3*i + 28. Let o be v(i). Let d = 13 + o. List the prime factors of d.
2
Let b(g) = g**3 + 8*g**2 - 40*g + 283. What are the prime factors of b(7)?
2, 3, 41
Suppose 36*n - 45365 + 11417 = 0. List the prime factors of n.
23, 41
Let p(f) = f**3 - 30*f**2 + 37*f + 15. List the prime factors of p(29).
13, 19
Let n = -310 - -760. What are the prime factors of n?
2, 3, 5
Suppose 23*a - 16*a - 6825 = 0. List the prime factors of a.
3, 5, 13
Let s = 745 - 187. List the prime factors of s.
2, 3, 31
Suppose 3*g - 17 + 5 = 0. Suppose 10 = g*t - 6. List the prime factors of 19*(5 - (t - 1)).
2, 19
Let y be 18/6 - (-64 + -1). Let p = y + 73. List the prime factors of p.
3, 47
Suppose 8 + 2 = 5*u. Suppose 2 = -4*v + 6, 0 = u*r - 4*v - 10. Suppose r*y - 6*y = 41. List the prime factors of y.
41
Let b = -1764 - -2823. What are the prime factors of b?
3, 353
Let y be (-21)/15 - (-12)/30. Let g(p) = 26*p**3 - 2*p**2 - p. Let c be g(y). List the prime factors of (1 - 2 - c) + -2.
2, 3
Suppose 5*r = r + 1728. Suppose 5*b = r + 383. Suppose 3*j - 2*y = 12 + b, -5*y = 3*j - 140. List the prime factors of j.
5, 11
Let k(c) = 3 - 9*c + 2*c**2 - 3*c - c - 5*c. List the prime factors of k(12).
3, 5
Suppose 0 = -5*u - 0*u - 190. Let m = u + 67. Suppose 2*k + 22 = q, 0*q - 5*k = q - m. List the prime factors of q.
2, 3
List the prime factors of 7 - (-13)/((-130)/(-550)).
2, 31
Suppose -8*b = -5*b - 108. What are the prime factors of b - (0 + -2 + 3)?
5, 7
Suppose -i + 5*k = -4*i - 26, 0 = 2*i - 2*k - 4. Let n = 32 + i. What are the prime factors of n?
2, 3, 5
List the prime factors of 8/48*-4 - 4162/(-6).
3, 7, 11
Suppose -5*l + 1515 = w, 0 = -3*l - 0*w - 5*w + 909. What are the prime factors of l/4 + 12/(-16)?
3, 5
Suppose 2*t + 375 = -19. Let l = t - -407. Suppose 0*f - n + 108 = 2*f, -4*f = -n - l. What are the prime factors of f?
53
Let p be 3/6 - (-2490)/20. Let m = -70 + p. List the prime factors of m.
5, 11
Let v be 136/(-14) + (-16)/56. Let x be (v/4)/(10/(-20)). Suppose -5*s + 65 + 127 = 3*q, x*q - 2*s - 289 = 0. What are the prime factors of q?
59
Let x be -4*6/16*-2. Suppose -f - x + 4 = 0. What are the prime factors of 102*(f + 1/(-2))?
3, 17
Suppose -47 = -c - c + 5*y, -4*y + 68 = 5*c. What are the prime factors of c?
2
Let z(x) = x**2 - 2*x + 7. Suppose 4*q + 2*q = 60. Suppose 2*d + 0*d = q. List the prime factors of z(d).
2, 11
Suppose -3*h + 3 = -3*u, h + 3*h + 4*u + 4 = 0. Suppose 6*m - 678 - 174 = h. What are the prime factors of m?
2, 71
Suppose 0 = 21*q - 20*q + 3*f - 758, -3*q + 2*f = -2318. List the prime factors of q.
2, 5, 7, 11
Suppose -2*w = -4*s - 398, -962 = -5*w + 5*s + 58. Let r = -134 + w. List the prime factors of r.
3, 5
Suppose -t - 2*p - 4 = 10, 0 = 2*p. List the prime factors of (-4)/(-14) + -9*432/t.
2, 139
Let s be 346/10 + (-8)/(-20). List the prime factors of (s/10)/7*62.
31
Let u(y) = 5*y**2 + 3*y + 2. Let g be u(-1). Suppose 4*p = 3*d + 2*d + 500, 0 = -g*p - 4*d + 536. List the prime factors of p.
2, 5, 13
What are the prime factors of ((-2)/4)/(5 - (-40168)/(-8032))?
2, 251
Let s = 21 - 19. Let u(h) = 4*h - 5*h - 3 - 1 + s. What are the prime factors of u(-14)?
2, 3
Suppose -5*l + 4*p = -667, -21*l - 4*p = -19*l - 278. List the prime factors of l.
3, 5
Let c = 662 + -429. List the prime factors of c.
233
Suppose 2*p + 3 = 11. Suppose 0 = -p*w - 58 + 254. List the prime factors of w.
7
Let x be (445/(-10))/(1/(-2)). Suppose 7*v - x - 30 = 0. List the prime factors of v.
17
Suppose o = -442 + 143. Let b = -212 - o. What are the prime factors of b?
3, 29
Suppose 4*o - 9692 = 4*y, -3*o + 7289 = 138*y - 137*y. What are the prime factors of o?
2, 607
Let s(h) = -h**3 - h**2 + 51*h + 3715. What are the prime factors of s(0)?
5, 743
Let n(j) be the first derivative of j**3/3 + j**2/2 - 2*j + 3. Let w be n(-3). Let l(a) = -a**2 + 5*a + 4. List the prime factors of l(w).
2
Let c(o) = o**3 - 2*o**2 + 2*o - 2. Let v be c(2). Let g be 1 - v - (-1 - 1). What are the prime factors of (-1)/(g + (-40)/36)?
3
Let x(m) = -m**2 - 23*m - 18. Let t be x(-22). Suppose 4*s = 5*y + 7, -4*y = -t*s - 0*y + 8. List the prime factors of s.
3
Suppose -l + 259 = r - 2, l = -2*r + 262. List the prime factors of l.
2, 5, 13
Let t(s) = s + 3. Let q be t(-4). Let g be (-1203)/(-15) + q/5. Suppose -5*x + g = -x. What are the prime factors of x?
2, 5
Suppose -8*x - 9*x + 7395 = 0. What are the prime factors of x?
3, 5, 29
Suppose -7*o = -4*o - 4*z + 261, 0 = -4*o + 3*z - 341. Let n = o + 93. List the prime factors of n.
2, 5
Let f be (2348/10 - -1) + 40/(-50). Let j = f + -112. List the prime factors of j.
3, 41
Let b = 42 + -40. Suppose 3*w - 360 = -3*n, -4*w - n = b*n - 480. List the prime factors of w.
2, 3, 5
Let f(w) = -w**3 + 19*w**2 + 11*w + 62. List the prime factors of f(18).
2, 73
Suppose -3*s = s + 4*i - 32, -3*s + 36 = -i. Suppose -s*n = -13*n + 304. Suppose 0 = 4*c - 0*c - n. List the prime factors of c.
2, 19
Suppose 0 = 572*f - 581*f + 47259. List the prime factors of f.
59, 89
Let v = 51 - 42. Suppose 7*p = v*p - 358. List the prime factors of p.
179
Let d be (-4)/26 - 2310/(-143). Let r = -9 + d. Suppose -65 = 2*n - r*n. What are the prime factors of n?
13
Suppose -138 = -5*b + 352. Let k = -66 + b. List the prime factors of k.
2
Let g(b) = -b + 11*b**2 - b**3 + 24 - 5*b + 0*b - 5*b. What are the prime factors of g(10)?
2, 7
What are the prime factors of (-25455)/(-69) - -4*10/460?
3, 41
Let c(q) = -q**3 + q**2 + 1. Let u(r) = -6*r**3 - 4*r**2 + 4*r - 6. Let k(n) = -5*c(n) + u(n). What are the prime factors of k(-10)?
7
Let r(j) = 408*j - 177. What are the prime factors of r(4)?
3, 5, 97
Suppose -2*m + 5*x + 143 = 0, 4*m + 4*x = 7*x + 321. Let w = 155 - m. What are the prime factors of w?
71
Suppose -13*g = -18*g + 80. What are the prime factors of g?
2
Let m(x) = -2*x + 4*x**3 - x**2 + 8*x**3 - 117 + 103. What are the prime factors of m(3)?
5, 59
Let r(k) = 11*k + 96. List the prime factors of r(7).
173
Let l = -1286 + 1965. What are the prime factors of l?
7, 97
Suppose 11346 = 3*i + 3*j, -9*j + 12*j = 2*i - 7579. What are the prime factors of i?
5, 757
Let i(w) = 5*w + 57. Let l(a) = 2*a + 19. Suppose 0 = 16*v - 12*v + 32. Let q(x) = v*l(x) + 3*i(x). List the prime factors of q(13).
2, 3
Let t = 4421 - 1488. List the prime f